 - 27. Let w = -5252 + 5264. Give p(w).
-39
Let c(l) = 13*l**3 - 13*l**2 - 18*l + 8. Let m(t) = 6*t**3 + t**2 - t - 1. Let q(w) = c(w) - 2*m(w). Calculate q(16).
10
Let d = -325 + 336. Let z(u) = 8 - 10*u + u**3 - 8*u - 7*u**2 + 2*u**2 + d*u. Calculate z(6).
2
Let q(l) = -l + l**3 + 46*l**2 + 0*l + 4 - 45*l**2 + 0*l**3. Let a = 48 - 36. Let m be -1*a/(-8)*-2. Determine q(m).
-11
Let m(c) be the third derivative of c**6/120 + 2*c**5/15 - 3*c**4/8 + 2*c**3/3 - 7*c**2. Let i(a) = -11*a**3 + 3*a**2 + 5*a - 6. Let j be i(1). Determine m(j).
4
Let h(d) = -d**3 - 11*d**2 - 9*d + 9. Let b be (-2)/(-8) + (-2031)/12. Let k = b - -159. What is h(k)?
-1
Let q(z) be the third derivative of -3*z**2 - 1/6*z**3 - 2 - 11/60*z**5 + 0*z - 1/12*z**4. What is q(-1)?
-10
Let b(f) = -534 - f + 268 + 285. Calculate b(7).
12
Let p be (0*6/(-12))/((-3)/(-3)). Let t(n) = -5 + p + 7 - n + 0. Determine t(9).
-7
Let t(p) = -123 + 17*p - 91 + 93. Calculate t(7).
-2
Let b(v) = 7*v - 48. Let w(i) = -15*i + 98. Let o(j) = -9*b(j) - 4*w(j). Let l be o(13). Let n(r) = 27*r + 1. Calculate n(l).
28
Let l(q) = -q**2 + 10*q + 10. Let z(g) = -8*g + 601. Let j be z(74). What is l(j)?
19
Let l(b) = -4*b - 6. Let y be -2*5/(-2)*7072/(-520). Let a = y + 76. Give l(a).
-38
Let c = -11351 - -11358. Let t(v) = 2*v**2 - 13*v + 5. Calculate t(c).
12
Let s(p) be the first derivative of p**4/4 - 2*p**3/3 - 17*p + 737. What is s(0)?
-17
Suppose -42 = 2*o + o. Let y(b) be the third derivative of -b**4/8 - 11*b**3/6 + 7884*b**2. Calculate y(o).
31
Suppose -3*p = z - 8 + 2, -4*p - z + 7 = 0. Let b = -285 - -284. Let g(s) = -4*s + 2. Let w(l) = l - 1. Let r(o) = b*w(o) - g(o). Determine r(p).
2
Let g(s) = s**3 + 7*s**2 - 9*s - 2. Let b be 6/(-12) + -1 - 13/2. Let i be g(b). Let a(m) = -i*m**2 + 11*m**2 + 7*m + 11 - 6*m**2. Give a(8).
3
Let c = -777 - -779. Let m(j) = 0*j + 3*j**2 - 8*j + j**c + 3*j + 3 + j. Give m(2).
11
Let t(v) be the first derivative of -3*v**2 + 36 - 2/3*v**3 + 1/4*v**4 + v. Give t(4).
9
Let i be 7 + (1 - 3) - 2. Let v(j) = 5*j**2 + 0*j**i - j**3 + 0*j - 4*j. Let f = -1737 - -1740. What is v(f)?
6
Let q(o) = -25*o - 2. Let z = 2865 - 2869. Give q(z).
98
Let r = 215 + -213. Let j(x) = 0*x + 8*x - 41 + x + 29 + 0*x - x**r. What is j(8)?
-4
Let f(y) = 2*y - 1. Let u be 3/((-9 - -12) + 687/(-230)). Let n be 6/(-4)*u/(-69). Suppose -3*a + 2*d - d - 7 = 0, -n*a = -3*d + 13. What is f(a)?
-5
Let l(c) = 192*c - 13638. Let q be l(71). Let i(k) = -11*k - 60. What is i(q)?
6
Let j be (-195)/(9/(-3))*32/40. Let o be 26/j + 17/(-2). Let s(y) = y**3 + 8*y**2 - y - 2. Give s(o).
6
Let u(i) = i**2 + 9. Let v(g) = -7*g - 2. Let n(a) = 7*a + 3. Let y(o) = -4*n(o) - 5*v(o). Let m be y(1). Suppose m*c = c. What is u(c)?
9
Let d be -5*((-360)/50)/(-12). Let y(j) = 2*j**3 + 2*j**2 - 9*j - 13. Determine y(d).
-22
Let k(l) = l**2 + 7*l - 2. Let a(y) = -2*y**2 - 3*y - 4. Suppose 1 + 4 = r. Suppose 5*i + r = 0, t - 5*i - 2 = -i. Let n be a(t). Calculate k(n).
-8
Suppose 3*k + 3*n = 36, 3*k = 5*n + 53 - 17. Let q(z) = -z**2 + 14*z - 37. Give q(k).
-13
Let h(t) = t**3 + 24*t**2 + 4. Let r be h(-24). Suppose -33*d + 37*d - 10 = -5*k, 4*k = -r*d + 8. Let o(v) = 3*v + 0*v - 2*v - 2. What is o(d)?
-2
Let u(l) = -9*l**2 + 18*l. Suppose -4*q + 12*q = 16. Let m(o) = o - 3*o - 16*o**q + 11*o + 11*o**2. Let g(h) = -7*m(h) + 4*u(h). Calculate g(7).
14
Let a(c) = -3*c + 11. Let g(w) = 2*w - 2. Let y(p) = -a(p) - 2*g(p). Let v be y(-2). Let s(j) = -j**3 - 4*j**2 + 4*j - 6. Give s(v).
-1
Let d(g) = -g + 3. Suppose 2*r - 4*p + 2 = 64, -5*p + 80 = 5*r. Let v be 14/r + 28/(-6). What is d(v)?
7
Let f be -24*(1128/192 + -5). Let w(j) = j**3 + 21*j**2 - 3*j - 59. What is w(f)?
4
Suppose 0 = -545*o + 238*o + 10131. Let u(z) = z**2 - 33*z - 3. Give u(o).
-3
Let x be (6 - 1)*(-3)/(-5). Let u(p) = -p - 3*p**3 - x*p**3 - 9*p**3 + 16*p**3. Determine u(2).
6
Let p(d) = -4*d + 37 - 7*d + 5*d. Calculate p(6).
1
Let t(d) = d**3 + 7*d**2 - 7*d - 2. Let o(p) = -2*p**3 - 14*p**2 + 13*p + 7. Let z(m) = -3*o(m) - 5*t(m). What is z(-6)?
49
Let g(v) = -28*v + 4. Suppose -i + s - 2 = 0, s = -2*i - s. Let o be g(i). Let f(a) = -10*a - 18*a + o*a - 9*a. What is f(-2)?
10
Let h(w) = 8*w**2 - 15*w + 95. Let p(v) = 3*v**2 - 7*v + 48. Let o(d) = 2*h(d) - 5*p(d). Give o(-10).
0
Let f(s) = 8*s - 2. Suppose 4*b + 378 = b. Let v = -128 - b. What is f(v)?
-18
Let b(s) = s**3 + 8*s**2 + 7*s - 3. Let i be b(-7). Let y be 12*(6/(-36))/((-1)/i). Let n(o) = o**3 + 6*o**2 + 3*o + 3. Give n(y).
-15
Let d(r) be the third derivative of -17*r**4/12 - r**3/6 + 1451*r**2. Let k(b) = -b**3 - 5*b**2 + 5*b - 7. Let z be k(-6). Give d(z).
33
Let f = 102 - 98. Let p be (-35)/f - 105/(-140). Let h(m) be the second derivative of -m**3/6 - 3*m**2/2 + m. Give h(p).
5
Let o(u) = u**3 - 8*u**2 - 6*u - 7. Let r be (34/4 - -2)*(-10 - 192/(-18)). Determine o(r).
-98
Let z(b) = -b**2 + 21*b - 26. Let a be ((-140)/(-112))/((-3)/(-48)). What is z(a)?
-6
Let p(v) be the third derivative of v**5/60 - v**4/4 - 5*v**3/3 - 8*v**2 + 97. Determine p(6).
-10
Suppose -59*y = -42*y - 2227. Let b(x) = x + y - 3*x**2 + 137 - 405 + 138. Give b(3).
-23
Let d(u) = 12*u**2 - 1. Suppose 17*b - 36 = 13*b. Suppose 0 = 2*s - b*s + 42. Suppose 0 = -6*x - 12 + s. Determine d(x).
11
Let u be 1*2 - (-15 - -21). Let d(r) = 1641 + 1640 + r - 3286. Give d(u).
-9
Let k(z) = 6*z - 27. Let h(d) = 2*d - 9. Let s(f) = -7*h(f) + 2*k(f). Let b be s(5). Let i(u) = -u. Let w(j) = -5*j - 1. Let v(x) = 3*i(x) + w(x). Give v(b).
7
Let n be (6 + (-305)/50 + 7/(-30))*-21. Let x(q) = q - 1. What is x(n)?
6
Let b = 476 + -471. Let l(u) = 3*u - 33. Determine l(b).
-18
Let t = -347 - -341. Let b be (7 - 17)/(-10)*t/2. Let l(n) = -n**3 - n**2 + 3*n - 3. Determine l(b).
6
Let y(h) = h - 5. Suppose 127 = 10*m + 47. Suppose 0 = -3*i - 5*x - m, 2*i - 3 - 13 = 2*x. Determine y(i).
-1
Let m(f) be the first derivative of 1/4*f**4 + 74 + 0*f**3 + 4*f - 3/2*f**2. What is m(3)?
22
Let r(a) = a**3 - 10*a**2 - 13*a + 25. Let j = -12132 + 12143. What is r(j)?
3
Suppose 0 = -21*y + 23*y - 36. Suppose 5*h = 4*q - y, 6 = 2*q - 5*h + 4*h. Let n(l) = l - 2. Determine n(q).
0
Let c(v) = v - 359 + v**2 + 171 + 169. Let u be 0/(2/(-1) - (4 - 4)). Calculate c(u).
-19
Let x(t) = -3*t + 6. Let u(c) = -5*c + 14. Suppose -n + 6*n - 5*f = 25, 5*n + 3*f = 1. Let d(p) = n*u(p) - 5*x(p). What is d(-8)?
-42
Let w(c) = -c**3 + 0*c**3 + 1558855 - c**2 + 13*c - 1558860. Give w(3).
-2
Let b(h) = -9*h**3 + h**2 + 27*h + 154. Let x(d) = 5*d**3 - d**2 - 15*d - 83. Let y(m) = -6*b(m) - 11*x(m). Let c(f) = f + 10. Let q be c(-5). Calculate y(q).
4
Let u(d) = -3*d - 7. Let r(s) = -2*s - 10. Let z(t) = 2*r(t) - 3*u(t). Let k = 58 + -50. Suppose -3*g = q + 14, -4*q + q = -g - k. Give z(q).
6
Suppose 4*q + 5*g + 3 = 19, -4*q - 12 = -2*g. Let y be -1 + q - (16 + -40). Let r(z) = y - z - 8 - 11. Calculate r(6).
-3
Let i(f) = -f**2 - 14*f - 11. Let t = 106 + 83. Let j = 176 - t. Calculate i(j).
2
Let w(c) = -20*c + 18. Let j(f) = -23*f + 23. Let g(s) = 5*j(s) - 6*w(s). Calculate g(0).
7
Let t = 388 - 381. Let w(d) = -17*d**3 - 7*d**2 + 4*d + 108. Let f(s) = -5*s**3 - 2*s**2 + s + 36. Let p(q) = t*f(q) - 2*w(q). Calculate p(0).
36
Let g(n) = 403*n**3 - 1241*n**3 + 411*n**3 - 5*n**2 + 428*n**3 - 6*n**2 - 14*n + 21. What is g(12)?
-3
Suppose -3*m + z + 36 = 4*z, 5*z + 12 = 4*m. Let l be 1 - (-138)/30 - 18/30. Let r(d) = -d**2 + 607*d - l - 1215*d + 617*d. Calculate r(m).
3
Let o(s) = -1 - 7*s + 0 + 7 + 6*s**2. Let x = -466 + 460. Let b(v) = 12*v**2 - 15*v + 13. Let a(w) = x*b(w) + 13*o(w). What is a(1)?
5
Suppose -8 = -3*v + 22. Let y(z) be the second derivative of -z**5/20 + 3*z**4/4 + 13*z**3/6 - 13*z**2/2 - 812*z. Give y(v).
17
Let t(v) = -17*v**3 - 11*v**2 - v - 2. Let j(i) = 13*i**3 + 7*i**2 + i + 2. Let h(w) = 4*j(w) + 3*t(w). Suppose 3*u - 6 = 3. Determine h(u).
-13
Suppose 2*r + 228 = 14*r. Let o(v) = r*v - 33*v + 13*v. What is o(-6)?
6
Let p(o) be the first derivative of o**2/2 + 30*o + 5306. Give p(-29).
1
Let d(r) = -15*r - r + 15 - 19*r + 34*r. Let g be (3/(-2))/((-21)/154). What is d(g)?
4
Let u(v) be the second derivative of -20*v + 7/6*v**3 + 25/2*v**2 + 1/24*v**4 + 0. Let j(y) be the first derivative of u(y). Determine j(-6).
1
Suppose 5*q - 5 = t, -156*q